he prime factors of l?
2, 13
Suppose 0 = -3*w - 4*m + 194, -m + 58 = w + 2*m. Let v = w + -98. Let f = -5 - v. List the prime factors of f.
23
Suppose 0*q = -5*q - 2*t + 246, q + 4*t = 60. Let w(i) = i**3 - 3*i + 2. Let a be w(2). Suppose a*p + 8 = q. What are the prime factors of p?
2, 5
Suppose c + 2*c = 5*h + 305, -h + 399 = 4*c. Let r(s) = s**2 - s. Let u be r(2). Suppose 3*p + u*p = c. What are the prime factors of p?
2, 5
Let c(l) = -4*l**2 + 9*l - 12. Let z be c(4). Let w = z - -87. List the prime factors of w.
47
Let l = 1646 - 805. List the prime factors of l.
29
Let i(o) = 18*o + 25 + 24 - 51. What are the prime factors of i(3)?
2, 13
List the prime factors of (-45724)/(-18) - 98/441.
2, 5, 127
Let q = 80 + 92. List the prime factors of q.
2, 43
List the prime factors of (-3)/10 + (-11829)/(-30).
2, 197
Suppose -4*j - 6*v = -3*v - 1133, -v = 5. Suppose 0 = -4*p + 3*p + 4*n + j, -4 = -4*n. List the prime factors of p.
3, 97
Suppose -20*a + 14213 = 4873. List the prime factors of a.
467
Let c(n) = -n**2 + 9*n + 5. Let k be c(9). Suppose -k*i + 34 = j, -4*i = -8*j + 3*j - 33. What are the prime factors of i?
7
Let g(w) = 30*w + 7. Let s(d) = -d + 1. Let i(a) = -g(a) + 6*s(a). List the prime factors of i(-3).
107
Suppose 5462 - 1258 = 4*x. List the prime factors of x.
1051
List the prime factors of (-1 + 4)/((-495)/(-615945)).
3733
Let f = 22 + -22. Suppose 3*q + 2*y - 4 = f, -5*q + 10 = -q - 2*y. Suppose -l + q*j = 6*j - 41, 4*l - j - 215 = 0. List the prime factors of l.
53
Suppose -3*i + 1324 = -4*v + 181, 0 = -4*i - 5*v + 1493. List the prime factors of i.
13, 29
Let y(i) = i**2 - 7*i - 3. Let m be y(8). Let l = m + 30. What are the prime factors of l?
5, 7
Suppose w = 3*f + 66, -w - 3*f + 249 = 3*w. Suppose -4*z + 2*p + 345 + w = 0, 305 = 3*z - p. What are the prime factors of z?
101
Let s = -19 + 22. Suppose b + 4*b + s*w = 1116, w = b - 228. List the prime factors of b.
3, 5
Suppose 4*z = 14 + 6. Suppose 5*d - 4*q + 5*q - 1143 = 0, -z*q - 697 = -3*d. List the prime factors of d.
229
Suppose -x = -5*z + 601 + 476, 4*z - 861 = x. Suppose 8*k = 12*k - z. What are the prime factors of k?
2, 3
Suppose 3*p - 10 = -4. Let v be 59/1 - (1 - 2). Suppose p*y - v = -10. List the prime factors of y.
5
Let i(k) = -k**3 - 7*k**2 - 13*k - 3. Let g = -2 - 4. What are the prime factors of i(g)?
3, 13
Suppose -5 = -5*w + w + 5*v, -4*v + 27 = 3*w. Let u(r) = -r - 1. Let q(d) = -d**2 - 9*d + 1. Let p(n) = -q(n) + u(n). List the prime factors of p(w).
3, 7
Let s be 9*(-4 + (-20)/(-4)). Suppose 4*z = -4*y - 0 + 4, y - s = -5*z. Suppose p - 48 = z. What are the prime factors of p?
2, 5
Suppose 91 = 2*s - 113. Let a = s + -60. Let g = a - 25. List the prime factors of g.
17
Suppose 5*c = -4*x + 400, 24*c = 29*c - 5*x - 445. What are the prime factors of c?
2, 3, 7
Suppose -12 = 5*b + 2*t + 3, 0 = 2*b - 2*t + 20. List the prime factors of 2*-141*b/10.
3, 47
Let a(b) = b**3 + 6*b**2 + 21*b - 74. List the prime factors of a(5).
2, 3, 17
Let v = -5 + 7. Suppose 2 = n - v*n, 5*q - 2*n = 244. Suppose 11*b = 14*b - q. What are the prime factors of b?
2
Let j be ((-40)/(-25))/(4/10). Suppose -m - 5*f + 76 = 0, -5*f - 262 - 142 = -j*m. What are the prime factors of m?
2, 3
Let m(t) = 11*t**3 - 2*t + 3. Let g be m(2). Suppose x + g = 6*x - 3*l, 3*x + 5*l = 25. List the prime factors of x + 2/(-2) + 2.
2
What are the prime factors of 3 + 2 + -2 + (178 - -2)?
3, 61
Let x(h) = 4*h**2 - 29*h - 26. List the prime factors of x(9).
37
Let h(z) = -z - 7. Let m be h(-11). Suppose 321 = 2*r + 3*q, 2*r - 3*r + m*q = -177. What are the prime factors of r?
3, 5, 11
Let a = -34 + 36. Suppose -3*f - 3*u + 69 = 0, -3*f + 53 = -a*u - 3*u. What are the prime factors of f?
3, 7
Let y(l) = 551*l + 2. What are the prime factors of y(1)?
7, 79
Suppose 5*s = -2*x + 1772, -4*s + 2673 - 901 = 2*x. List the prime factors of x.
2, 443
List the prime factors of (7/(147/(-18)))/((-28)/28224).
2, 3
Let z be 1/3 - 1076/(-12). Suppose -z = -4*s + 214. List the prime factors of s.
2, 19
Let k = -145 - -239. Let j(v) = -v + 11. Let c be j(8). Suppose c*q - k = q. What are the prime factors of q?
47
Let m(x) = -x**2 + x + 1. Let z(k) = -k**3 + 8*k + 4. Let i(v) = -4*m(v) + z(v). Let n be i(4). Let b = 22 - n. What are the prime factors of b?
2, 3
Let r(j) = -j + 14. Let q be r(10). Suppose -18 = q*t - 2*t. Let i(x) = -x**3 - 10*x**2 - 9*x + 6. What are the prime factors of i(t)?
2, 3
Let b = -13 + 13. Suppose 37 = z - b*z. Suppose 4*h = 2*j - h - z, -2*j - 2*h = -2. List the prime factors of j.
2, 3
Let x = -18 - -20. Suppose 219 = x*f + f. What are the prime factors of f?
73
Let i be 4 + 2 - (3 + 0). Suppose 4*q = 5 + i. Suppose 28 = 3*x - 3*r - q, -2*x - 4*r = -26. What are the prime factors of x?
11
Let b = 60 - 125. What are the prime factors of (b/3)/1*(10 - 13)?
5, 13
Let t(i) = 9*i**2 + i. What are the prime factors of t(3)?
2, 3, 7
Suppose 792 = 127*j - 125*j. What are the prime factors of j?
2, 3, 11
Let t = -2 + 14. Suppose -3*q = q - t. Suppose 4*r + q*c - 107 + 20 = 0, -5*c - 11 = -2*r. What are the prime factors of r?
2, 3
Suppose 0 = -19*t + 21*t - 54. Suppose p - 42 = -2*y, 0 = 2*y + 5*p - t - 7. List the prime factors of y.
2, 11
Suppose 0 = -o + 3*z - 4*z + 370, -o - 4*z = -355. What are the prime factors of o?
3, 5
Let c(l) = -l**3 - 7*l**2 + 11*l - 6. List the prime factors of c(-11).
3, 7, 17
Suppose 0 = -3*j - 3*v - 18 - 18, -4*v - 38 = 3*j. What are the prime factors of (-2)/(j/1297) - (-4)/(-10)?
7, 37
Let w(z) = -3*z**3 - 2*z**3 + z**2 + 4*z**3 + 6 - z. Let q be w(0). What are the prime factors of 1/((3 - q)/(-219))?
73
Suppose 28*f - 10111 + 2187 = 0. What are the prime factors of f?
283
Let f(b) = b**2 - 23*b - 14. Let p be f(-17). Suppose -x + 4*x = p. List the prime factors of x.
2, 3, 37
What are the prime factors of 365 + 2/((-1)/(-3)*-3)?
3, 11
Let c be 5/((-2)/(-11) + (-189)/1221). Let i = c - 89. What are the prime factors of i?
2, 3
Let b be (-1060)/(-6) - (-2)/(-3). Suppose 8*a + b = 792. What are the prime factors of a?
7, 11
Let o(z) = -29 + 18*z - 12*z + 23*z + 32. List the prime factors of o(2).
61
Let a(t) be the first derivative of -t**3/3 + 7*t**2/2 - t + 8. Let q be a(6). Suppose -3*m - m - 25 = -j, -3*j + q*m = -82. List the prime factors of j.
29
Let y(v) = -v**3 - 8*v**2 + v + 9. Let n be y(-7). Let f = -79 - n. List the prime factors of -40*(-2 + f/(-20)).
2
Let r = 9 - 5. Suppose a - r = 20. Let n = a - 8. What are the prime factors of n?
2
Let t(y) = -21*y + 41. What are the prime factors of t(-24)?
5, 109
Suppose 0 = 5*x + 6 + 14, -2*o + 20 = -3*x. Let q(s) = 7*s**2 + s + 4. What are the prime factors of q(o)?
2, 3, 5
Let z(y) be the second derivative of 25*y**4/12 + y**3/3 + y**2/2 - 2*y + 63. Let d(q) = -q + 4. Let w be d(5). List the prime factors of z(w).
2, 3
Let s be (-88)/72 - (-4)/18. Let w be 11 - 3*s/3. Suppose z - w = -3. List the prime factors of z.
3
Suppose -18*m + 405 = -9*m. What are the prime factors of m?
3, 5
Let k(m) = -3*m + 44. Let f be k(13). Suppose f*q - 769 = 196. List the prime factors of q.
193
Let u(r) = 74*r + 8. Let l be u(4). Let t = -38 + l. What are the prime factors of t?
2, 7, 19
Let c(t) = 15*t**2 + 32*t - t**2 + 39 - t**2. Let g(j) = -7*j**2 - 16*j - 20. Let p(z) = -6*c(z) - 11*g(z). List the prime factors of p(-14).
2, 7
Suppose u + 14 + 24 = 0. Let c(m) = m**2 - 11*m + 14. Let z be c(8). Let x = z - u. List the prime factors of x.
2, 7
Suppose 5 = -4*q + 13. Let f = -12 + 71. Suppose q*m - f = -11. What are the prime factors of m?
2, 3
Let l(s) = -s - 5. Let h be l(7). Let q(f) be the first derivative of f**3/3 + 5*f**2 - 7*f + 1. List the prime factors of q(h).
17
Let v(y) = -y**3 + 9*y**2 - 18*y + 11. What are the prime factors of v(5)?
3, 7
List the prime factors of 1316/8 + (-3)/6.
2, 41
Suppose 0 = 4*w - 2372 + 300. List the prime factors of w.
2, 7, 37
Suppose 3*c - 3*b - 1662 = 0, -1662 = -3*c - 86*b + 82*b. List the prime factors of c.
2, 277
Suppose -6*y + 327 = -1203. What are the prime factors of y?
3, 5, 17
Suppose 3*n = -4*k - 8, -4*k - 27 + 7 = 0. Suppose 48 = -0*u + n*u. Suppose -a + 21 = -u. List the prime factors of a.
3, 11
Suppose 0 = -5*r + 2*z - 5*z + 14, z + 10 = 2*r. Suppose 22 = o +